{"id":719,"date":"2016-02-24T22:51:36","date_gmt":"2016-02-24T20:51:36","guid":{"rendered":"http:\/\/metallerie-manceau.fr\/?page_id=719"},"modified":"2022-01-03T15:09:23","modified_gmt":"2022-01-03T13:09:23","slug":"accueil","status":"publish","type":"page","link":"https:\/\/metallerie-manceau.fr\/","title":{"rendered":"ACCUEIL"},"content":{"rendered":"<div id=\"pl-719\" class=\"panel-layout\">\n<div id=\"pg-719-0\" class=\"panel-grid panel-has-style\" data-style=\"{&quot;padding&quot;:&quot;5px 0px 5px 0px&quot;,&quot;background_display&quot;:&quot;tile&quot;}\">\n<div class=\"panel-row-style panel-row-style-for-719-0\">\n<div id=\"pgc-719-0-0\" class=\"panel-grid-cell\" data-weight=\"1\">\n<div id=\"panel-719-0-0-0\" class=\"so-panel widget widget_sow-hero panel-first-child panel-last-child\" data-index=\"0\" data-style=\"{&quot;background_display&quot;:&quot;tile&quot;}\"><div\n\t\t\t\n\t\t\tclass=\"so-widget-sow-hero so-widget-sow-hero-default-c0e5e789027e so-widget-fittext-wrapper\"\n\t\t\t data-fit-text-compressor=\"0.85\"\n\t\t>\t\t\t\t<div class=\"sow-slider-base\" style=\"display: none\" tabindex=\"0\">\n\t\t\t\t\t<ul\n\t\t\t\t\tclass=\"sow-slider-images\"\n\t\t\t\t\tdata-settings=\"{&quot;pagination&quot;:true,&quot;speed&quot;:400,&quot;timeout&quot;:8000,&quot;paused&quot;:false,&quot;pause_on_hover&quot;:false,&quot;swipe&quot;:true,&quot;nav_always_show_desktop&quot;:&quot;&quot;,&quot;nav_always_show_mobile&quot;:&quot;&quot;,&quot;breakpoint&quot;:&quot;780px&quot;,&quot;unmute&quot;:false,&quot;anchor&quot;:null}\"\n\t\t\t\t\t\t\t\t\t\tdata-anchor-id=\"\"\n\t\t\t\t><\/ul>\t\t\t\t<ol class=\"sow-slider-pagination\">\n\t\t\t\t\t\t\t\t\t<\/ol>\n\n\t\t\t\t<div class=\"sow-slide-nav sow-slide-nav-next\">\n\t\t\t\t\t<a href=\"#\" data-goto=\"next\" aria-label=\"Next slide\" data-action=\"next\">\n\t\t\t\t\t\t<em class=\"sow-sld-icon-thin-right\"><\/em>\n\t\t\t\t\t<\/a>\n\t\t\t\t<\/div>\n\n\t\t\t\t<div class=\"sow-slide-nav sow-slide-nav-prev\">\n\t\t\t\t\t<a href=\"#\" data-goto=\"previous\" aria-label=\"Previous slide\" data-action=\"prev\">\n\t\t\t\t\t\t<em class=\"sow-sld-icon-thin-left\"><\/em>\n\t\t\t\t\t<\/a>\n\t\t\t\t<\/div>\n\t\t\t\t<\/div><\/div><\/h3>\n<\/div>\n<p><\/span><\/div>\n<\/div>\n<\/div>\n<div id=\"pg-719-1\" class=\"panel-grid panel-no-style\" data-style=\"{&quot;background_display&quot;:&quot;tile&quot;}\">\n<div id=\"pgc-719-1-0\" class=\"panel-grid-cell\" data-weight=\"1\">\n<div id=\"panel-719-1-0-0\" class=\"so-panel widget widget_black-studio-tinymce widget_black_studio_tinymce panel-first-child panel-last-child\" data-index=\"1\" data-style=\"{&quot;background_image_attachment&quot;:false,&quot;background_display&quot;:&quot;tile&quot;}\">\n<div class=\"textwidget\">\n<h1><\/h1>\n<p style=\"text-align: left;\"><span style=\"color: #403e3d;\"><span style=\"font-family: arial, helvetica, sans-serif; font-size: 14pt;\">Sp\u00e9cialis\u00e9e dans la m\u00e9tallerie-serrurerie depuis <strong>1969<\/strong>, la soci\u00e9t\u00e9 est b<\/span><span style=\"font-family: arial, helvetica, sans-serif; font-size: 14pt;\">as\u00e9e \u00e0 SEVREMOINE.<br \/>\n<\/span><span style=\"font-family: arial, helvetica, sans-serif; font-size: 14pt;\">Nous r\u00e9pondons aussi bien aux demandes des <strong>professionnels<\/strong> qu&rsquo;\u00e0 celles des <strong>particuliers<\/strong> sur les march\u00e9s priv\u00e9s et publics. Soucieux de nos clients, nous recherchons la <strong>perfection<\/strong> pour chaque projet, dans le but de vous <strong>satisfaire<\/strong>.<\/span><\/span><\/p>\n<\/div>\n<\/div>\n<\/div>\n<\/div>\n<div id=\"pg-719-2\" class=\"panel-grid panel-has-style\" data-style=\"{&quot;background&quot;:&quot;#1a3361&quot;,&quot;background_display&quot;:&quot;tile&quot;}\">\n<div class=\"panel-row-style panel-row-style-for-719-2\">\n<div id=\"pgc-719-2-0\" class=\"panel-grid-cell\" data-weight=\"1\">\n<div id=\"panel-719-2-0-0\" class=\"so-panel widget widget_sow-headline panel-first-child panel-last-child\" data-index=\"2\" data-style=\"{&quot;widget_css&quot;:&quot;{\\ntext: arial;\\n}&quot;,&quot;background_display&quot;:&quot;tile&quot;}\">\n<div class=\"panel-widget-style panel-widget-style-for-719-2-0-0\"><div\n\t\t\t\n\t\t\tclass=\"so-widget-sow-headline so-widget-sow-headline-default-59304b88a5a7\"\n\t\t\t\n\t\t><div class=\"sow-headline-container \">\n\t\t\t\t\t\t<div class=\"decoration\">\n\t\t\t\t\t\t<div class=\"decoration-inside\"><\/div>\n\t\t\t\t\t<\/div>\n\t\t\t\t\t<\/div>\n<\/div><\/h3>\n<\/div>\n<\/div>\n<\/div>\n<\/div>\n<\/div>\n<div id=\"pg-719-3\" class=\"panel-grid panel-has-style\" data-style=\"{&quot;padding&quot;:&quot;10px 0px 0px 0px&quot;,&quot;background_display&quot;:&quot;tile&quot;,&quot;row_stretch&quot;:&quot;full&quot;}\">\n<div class=\"siteorigin-panels-stretch panel-row-style panel-row-style-for-719-3\" style=\"margin-left: -391px; margin-right: -689px; padding-left: 391px; padding-right: 689px; border-left: 0px; border-right: 0px;\" data-stretch-type=\"full\">\n<div id=\"pgc-719-3-0\" class=\"panel-grid-cell\" data-weight=\"1\">\n<div id=\"panel-719-3-0-0\" class=\"so-panel widget widget_sow-features panel-first-child panel-last-child\" data-index=\"3\" data-style=\"{&quot;widget_css&quot;:&quot;text: arial;\\n&quot;,&quot;background_image_attachment&quot;:false,&quot;background_display&quot;:&quot;tile&quot;}\">\n<div class=\"panel-widget-style panel-widget-style-for-719-3-0-0\"><div\n\t\t\t\n\t\t\tclass=\"so-widget-sow-features so-widget-sow-features-default-0e0f8d436f18\"\n\t\t\t\n\t\t><\/div><\/h3>\n<\/div>\n<\/div>\n<\/div>\n<\/div>\n<\/div>\n<div id=\"pg-719-4\" class=\"panel-grid panel-has-style\" data-style=\"{&quot;background&quot;:&quot;#1a3361&quot;,&quot;background_display&quot;:&quot;tile&quot;}\">\n<div class=\"panel-row-style panel-row-style-for-719-4\">\n<div id=\"pgc-719-4-0\" class=\"panel-grid-cell\" data-weight=\"1\">\n<div id=\"panel-719-4-0-0\" class=\"so-panel widget widget_sow-headline panel-first-child panel-last-child\" data-index=\"4\" data-style=\"{&quot;widget_css&quot;:&quot;{\\ntext: arial;\\n}&quot;,&quot;background_display&quot;:&quot;tile&quot;}\">\n<div class=\"panel-widget-style panel-widget-style-for-719-4-0-0\"><div\n\t\t\t\n\t\t\tclass=\"so-widget-sow-headline so-widget-sow-headline-default-59304b88a5a7\"\n\t\t\t\n\t\t><div class=\"sow-headline-container \">\n\t\t\t\t\t\t<div class=\"decoration\">\n\t\t\t\t\t\t<div class=\"decoration-inside\"><\/div>\n\t\t\t\t\t<\/div>\n\t\t\t\t\t<\/div>\n<\/div><\/h3>\n<\/div>\n<\/div>\n<\/div>\n<\/div>\n<\/div>\n<div id=\"pg-719-5\" class=\"panel-grid panel-no-style\" data-style=\"{&quot;background_display&quot;:&quot;tile&quot;}\">\n<div id=\"pgc-719-5-0\" class=\"panel-grid-cell\" data-weight=\"1\">\n<div id=\"panel-719-5-0-0\" class=\"so-panel widget widget_black-studio-tinymce widget_black_studio_tinymce panel-first-child panel-last-child\" data-index=\"5\" data-style=\"{&quot;background_image_attachment&quot;:false,&quot;background_display&quot;:&quot;tile&quot;}\">\n<div class=\"textwidget\">\n<p style=\"text-align: left;\"><span style=\"color: #403e3d;\"><span style=\"font-size: 14pt; font-family: arial, helvetica, sans-serif;\">La soci\u00e9t\u00e9 MANCEAU est compos\u00e9e de <strong>collaborateurs<\/strong> polyvalents, sp\u00e9cialis\u00e9s, dipl\u00f4m\u00e9s et suivant des formations continues annuelles pour b\u00e9n\u00e9ficier de la meilleure <strong>exp\u00e9rience<\/strong> possible.<br \/>\nIls sont dot\u00e9s de <strong>comp\u00e9tences<\/strong> dans la m\u00e9tallerie serrurerie, la fabrication, la pose d&rsquo;\u00e9quipements industriels du batiment ou encore dans l&rsquo;automatisme. Munis d&rsquo;un <strong>savoir-faire<\/strong> et d&rsquo;une exp\u00e9rience, nos collaborateurs s&rsquo;engagent \u00e0 r\u00e9pondre au mieux \u00e0 vos demandes dans les meilleurs d\u00e9lais.<br \/>\n<\/span><\/span><\/p>\n<\/div>\n<\/div>\n<\/div>\n<\/div>\n<div id=\"pg-719-6\" class=\"panel-grid panel-has-style\" data-style=\"{&quot;background&quot;:&quot;#1a3361&quot;,&quot;background_display&quot;:&quot;tile&quot;}\">\n<div class=\"panel-row-style panel-row-style-for-719-6\">\n<div id=\"pgc-719-6-0\" class=\"panel-grid-cell\" data-weight=\"1\">\n<div id=\"panel-719-6-0-0\" class=\"so-panel widget widget_sow-headline panel-first-child panel-last-child\" data-index=\"6\" data-style=\"{&quot;widget_css&quot;:&quot;{\\ntext: arial;\\n}&quot;,&quot;background_display&quot;:&quot;tile&quot;}\">\n<div class=\"panel-widget-style panel-widget-style-for-719-6-0-0\"><div\n\t\t\t\n\t\t\tclass=\"so-widget-sow-headline so-widget-sow-headline-default-59304b88a5a7\"\n\t\t\t\n\t\t><div class=\"sow-headline-container \">\n\t\t\t\t\t\t<div class=\"decoration\">\n\t\t\t\t\t\t<div class=\"decoration-inside\"><\/div>\n\t\t\t\t\t<\/div>\n\t\t\t\t\t<\/div>\n<\/div><\/h3>\n<\/div>\n<\/div>\n<\/div>\n<\/div>\n<\/div>\n<div id=\"pg-719-7\" class=\"panel-grid panel-has-style\" data-style=\"{&quot;padding&quot;:&quot;10px 0px 0px 0px&quot;,&quot;background_display&quot;:&quot;tile&quot;}\">\n<div class=\"panel-row-style panel-row-style-for-719-7\">\n<div id=\"pgc-719-7-0\" class=\"panel-grid-cell\" data-weight=\"1\">\n<div id=\"panel-719-7-0-0\" class=\"so-panel widget widget_sow-features panel-first-child panel-last-child\" data-index=\"7\" data-style=\"{&quot;widget_css&quot;:&quot;text: arial;\\n&quot;,&quot;background_image_attachment&quot;:false,&quot;background_display&quot;:&quot;tile&quot;}\">\n<div class=\"panel-widget-style panel-widget-style-for-719-7-0-0\"><div\n\t\t\t\n\t\t\tclass=\"so-widget-sow-features so-widget-sow-features-default-0e0f8d436f18\"\n\t\t\t\n\t\t><\/div><\/h3>\n<\/div>\n<\/div>\n<\/div>\n<\/div>\n<\/div>\n<\/div>\n<\/div>\n<\/div>\n<\/div>\n<\/div>\n<\/div>\n<\/div>\n","protected":false},"excerpt":{"rendered":"<p>Sp\u00e9cialis\u00e9e dans la m\u00e9tallerie-serrurerie depuis 1969, la soci\u00e9t\u00e9 est bas\u00e9e \u00e0 SEVREMOINE. Nous r\u00e9pondons aussi bien aux demandes des professionnels qu&rsquo;\u00e0 celles des particuliers sur les march\u00e9s priv\u00e9s et publics. Soucieux de nos clients, nous recherchons la perfection pour chaque projet, dans le but de vous satisfaire. La soci\u00e9t\u00e9 MANCEAU est compos\u00e9e de collaborateurs polyvalents,\u2026<\/p>\n","protected":false},"author":1,"featured_media":0,"parent":0,"menu_order":0,"comment_status":"closed","ping_status":"closed","template":"home-panels.php","meta":[],"_links":{"self":[{"href":"https:\/\/metallerie-manceau.fr\/index.php?rest_route=\/wp\/v2\/pages\/719"}],"collection":[{"href":"https:\/\/metallerie-manceau.fr\/index.php?rest_route=\/wp\/v2\/pages"}],"about":[{"href":"https:\/\/metallerie-manceau.fr\/index.php?rest_route=\/wp\/v2\/types\/page"}],"author":[{"embeddable":true,"href":"https:\/\/metallerie-manceau.fr\/index.php?rest_route=\/wp\/v2\/users\/1"}],"replies":[{"embeddable":true,"href":"https:\/\/metallerie-manceau.fr\/index.php?rest_route=%2Fwp%2Fv2%2Fcomments&post=719"}],"version-history":[{"count":54,"href":"https:\/\/metallerie-manceau.fr\/index.php?rest_route=\/wp\/v2\/pages\/719\/revisions"}],"predecessor-version":[{"id":4476,"href":"https:\/\/metallerie-manceau.fr\/index.php?rest_route=\/wp\/v2\/pages\/719\/revisions\/4476"}],"wp:attachment":[{"href":"https:\/\/metallerie-manceau.fr\/index.php?rest_route=%2Fwp%2Fv2%2Fmedia&parent=719"}],"curies":[{"name":"wp","href":"https:\/\/api.w.org\/{rel}","templated":true}]}}